rime number?
True
Is 432569 composite?
False
Is 11287 a prime number?
True
Is 14743 a prime number?
False
Is 195689 a composite number?
True
Is 14107 a composite number?
False
Is 73403 composite?
True
Is 26597 a composite number?
False
Is 183151 composite?
False
Is 25889 composite?
False
Is 841 a composite number?
True
Is 9563 prime?
False
Is 5059 composite?
False
Is 40627 a composite number?
False
Is 1331061 a prime number?
False
Is 4791 composite?
True
Is 1055 composite?
True
Is 1581799 composite?
True
Is 195395 prime?
False
Is 2683 prime?
True
Is 197129 prime?
False
Is 361121 composite?
True
Is 76535 a composite number?
True
Is 16349 a composite number?
False
Is 80651 composite?
False
Is 2063087 a prime number?
False
Is 563215 prime?
False
Is 185743 prime?
False
Is 114109 prime?
False
Is 10909 a composite number?
False
Is 88531 composite?
True
Is 16127 prime?
True
Is 774977 composite?
True
Is 195359 a composite number?
False
Is 7319 a composite number?
True
Is 115189 a prime number?
False
Is 9277 composite?
False
Is 53479 composite?
False
Is 87845 a prime number?
False
Is 24545 a composite number?
True
Is 17519 a composite number?
False
Is 631 composite?
False
Is 43261 a composite number?
False
Is 77853 composite?
True
Is 1154 a composite number?
True
Is 2502917 a composite number?
False
Is 64747 prime?
True
Is 19001 a composite number?
False
Is 2539 a composite number?
False
Is 73181 composite?
False
Is 194653 a composite number?
False
Is 33809 a composite number?
False
Is 643189 a prime number?
False
Is 264077 composite?
True
Is 17881 prime?
True
Is 101789 prime?
True
Is 1083211 a composite number?
False
Is 1079 prime?
False
Is 2203 prime?
True
Is 21647 prime?
True
Is 34211 prime?
True
Is 172999 composite?
False
Is 8263 a composite number?
False
Is 1111549 prime?
False
Is 10753 a prime number?
True
Is 928741 a prime number?
False
Is 96523 a composite number?
True
Is 196367 prime?
False
Is 62367 a prime number?
False
Is 3200081 prime?
True
Is 26743 composite?
True
Is 349097 composite?
True
Is 2235707 a prime number?
True
Is 43003 composite?
False
Is 673 prime?
True
Is 350147 a prime number?
False
Is 35149 composite?
False
Is 52147 a composite number?
False
Is 18599 a prime number?
False
Is 2605537 composite?
True
Is 15611 composite?
True
Is 7609 a composite number?
True
Is 4006 prime?
False
Is 1423 prime?
True
Is 25957 a prime number?
False
Is 11113 a composite number?
False
Is 21149 composite?
False
Is 13441 composite?
False
Is 120427 a composite number?
False
Is 15453071 prime?
True
Is 3943 a composite number?
False
Is 44277 a prime number?
False
Is 114953 composite?
True
Is 1526045 prime?
False
Is 3656353 composite?
False
Is 4499 a composite number?
True
Is 611587 a composite number?
False
Is 92437 composite?
True
Is 784913 prime?
True
Is 188287 prime?
False
Is 32491 composite?
False
Is 3143 a prime number?
False
Is 23849 composite?
True
Is 660369 composite?
True
Is 42037 a prime number?
False
Is 8983 a prime number?
False
Is 14471 composite?
True
Is 77309 a prime number?
False
Is 20854 prime?
False
Is 190271 prime?
True
Is 2705 prime?
False
Is 340237 a prime number?
True
Is 326497 composite?
False
Is 22889 a prime number?
False
Is 507449 composite?
True
Is 869579 a composite number?
False
Is 22853 a prime number?
True
Is 11647 a composite number?
True
Is 40895 a composite number?
True
Is 2933 a composite number?
True
Is 38765 composite?
True
Is 69163 composite?
False
Is 4201 prime?
True
Is 3263 prime?
False
Is 49597 a prime number?
True
Is 10801 composite?
True
Is 665299 composite?
False
Is 5267 prime?
False
Is 103634 a prime number?
False
Is 305897 composite?
True
Is 308017 prime?
True
Is 109229 composite?
False
Is 221843 prime?
False
Is 3937 prime?
False
Is 642545 a prime number?
False
Is 802499 prime?
True
Is 3859 prime?
False
Is 27179 composite?
False
Is 7993 a composite number?
False
Is 553789 a composite number?
False
Is 19123 composite?
True
Is 1857469 a composite number?
True
Is 78239 a prime number?
False
Is 1349219 a composite number?
False
Is 17609 composite?
False
Is 68993 composite?
False
Is 95397 composite?
True
Is 3491 a composite number?
False
Is 20593 composite?
False
Is 11377 prime?
False
Is 11383 a prime number?
True
Is 445619 a prime number?
True
Is 1283255 a composite number?
True
Is 128311 prime?
True
Is 90635 prime?
False
Is 9629 prime?
True
Is 2740139 a composite number?
False
Is 530645 prime?
False
Is 2287 composite?
False
Is 212203 composite?
False
Is 342101 prime?
True
Is 49111 a prime number?
False
Is 28685 a composite number?
True
Is 146203 a composite number?
False
Is 197921 a composite number?
False
Is 314299 composite?
False
Is 168161 a composite number?
True
Is 41827 composite?
True
Is 26126 prime?
False
Is 4391 composite?
False
Is 351527 composite?
True
Is 104623 a prime number?
True
Is 2680745 composite?
True
Is 378977 a composite number?
False
Is 39341 composite?
False
Is 167434 a composite number?
True
Is 47171 composite?
True
Is 7235 a prime number?
False
Is 2609 prime?
True
Is 15527 a prime number?
True
Is 51031 prime?
True
Is 75821 a composite number?
False
Is 38667 composite?
True
Is 99523 prime?
True
Is 22409 composite?
False
Is 497339 a prime number?
True
Is 439 a composite number?
False
Is 18859 a composite number?
False
Is 125863 a composite number?
False
Is 143119 prime?
False
Is 199522 a composite number?
True
Is 1100249 a composite number?
False
Is 2855353 a prime number?
True
Is 110089 a prime number?
False
Is 5554 composite?
True
Is 5849 a composite number?
False
Is 8573 a composite number?
False
Is 501769 composite?
False
Is 114299 composite?
False
Is 201919 composite?
False
Is 47659 composite?
False
Is 683 prime?
True
Is 1069259 a prime number?
False
Is 40249 prime?
False
Is 61001 a composite number?
False
Is 38897 a composite number?
True
Is 422 composite?
True
Is 567577 prime?
False
Is 889153 composite?
True
Is 1045997 composite?
False
Is 292067 a prime number?
False
Is 322993 composite?
True
Is 1287541 composite?
False
Is 97247 composite?
True
Is 3070783 a prime number?
True
Is 5771 prime?
False
Is 26849 prime?
True
Is 55291 a prime number?
True
Is 12451 a prime number?
True
Is 17957 a prime number?
True
Is 217 a prime number?
False
Is 11179 composite?
True
Is 291589 prime?
False
Is 1009 prime?
True
Is 1052711 a composite number?
True
Is 1309009 prime?
False
Is 835987 a prime number?
True
Is 3607 composite?
False
Is 10133 a composite number?
False
Is 87383 prime?
True
Is 1622 composite?
True
Is 48338 a composite number?
True
Is 17522 a composite number?
True
Is 5435 a composite number?
True
Is 1026791 a composite number?
False
Is 15205 a composite number?
True
Is 1441619 a prime number?
False
Is 322319 prime?
True
Is 1892665 prime?
False
Is 18617 prime?
True
Is 61717 composite?
False
Is 113063 a composite number?
False
Is 493573 composite?
False
Is 333313 a composite number?
True
Is 157385 a prime number?
False
Is 237319 composite?
False
Is 30341 prime?
True
Is 20407 a composite number?
False
Is 914 composite?
True
Is 4025183 composite?
True
Is 43257 composite?
True
Is 28751 prime?
True
Is 2159 prime?
False
Is 3353 composite?
True
Is 1735 composite?
True
Is 125663 composite?
True
Is 549817 composite?
False
Is 122263 a composite number?
False
Is 42641 composite?
False
Is 22757 a prime number?
False
Is 31303 a prime number?
False
Is 67307 a prime number?
True
Is 95701 composite?
False
Is 14603 a prime number?
False
Is 22433 a prime number?
True
Is 631 a prime number?
True
Is 391 a prime number?
False
Is 4491561 a composite number?
True
Is 18463 prime?
False
Is 105137 a prime number?
True
Is 8927 composite?
True
Is 7727 a prime number?
True
Is 64643 a prime number?
False
Is 148309 a composite number?
True
Is 446981 composite?
True
Is 11351 prime?
True
Is 312007 a prime number?
True
Is 2609 composite?
False
Is 24631 a composite number?
False
Is 48353 composite?
False
Is 189967 a composite number?
False
Is 19643 a composite number?
True
Is 3299 a prime number?
True
Is 401059 a composite number?
True
Is 264487 prime?
True
Is 1753 prime?
True
Is 30971 composite?
False
Is 97241 composite?
False
Is 498569 prime?
False
Is 491 composite?
False
Is 22481 a prime number?
True
Is 102349 prim